t the prime factors of 56/21*(-6)/y.
2
Let t be ((-9)/5)/(27/(-90)). Suppose g = -g + t. Suppose -g*l = -2*w - 35, -2*l + 3*l = 5*w + 29. What are the prime factors of l?
3
List the prime factors of 4/10 - (-143)/5.
29
What are the prime factors of (-4 + 5)/(1/9)?
3
Let q = -1 - -3. Suppose 2*x - 6*x - 80 = q*p, 2*p - 10 = x. What are the prime factors of 10/(-3)*x/5?
2, 3
Let r be 54/12*(-8)/(-6). Suppose r*w - 3*v = w + 15, w - 3 = 4*v. List the prime factors of w.
3
Suppose 0 = -9*u + 222 + 2064. What are the prime factors of u?
2, 127
Suppose -3*d = -b - 601, 0*d - 5*d + 975 = 5*b. List the prime factors of d.
199
Suppose -5*s + 4*z = 138, -5*s - 4*z - z = 120. Let j = 46 + s. What are the prime factors of j?
2, 5
Let q = 59 + -35. Suppose 3*b - q = 6. List the prime factors of b.
2, 5
Suppose 56 = f - 5*f. Let c = 44 + f. What are the prime factors of c?
2, 3, 5
Let m be ((-28)/(-6))/((-12)/(-18)). Suppose -3*n + m = 1. Suppose 0 = -4*s - 2*j + 52, s + 30 = 3*s + n*j. What are the prime factors of s?
11
Suppose 3 = -u + 1. Let x = u - -7. Suppose x*v - v - 20 = 0. What are the prime factors of v?
5
Suppose 5*d - 68 = -3. What are the prime factors of d?
13
Let f = 64 - 20. What are the prime factors of f?
2, 11
Let f(l) = -10*l - 3. Let o(y) = 9*y + 2. Let p(z) = 4*f(z) + 5*o(z). List the prime factors of p(2).
2
Suppose 18*o = 16*o + 320. List the prime factors of o.
2, 5
Let f(p) = -14*p - 1. Let l be f(-1). Let d(v) = -v**3 - 4*v**2 - 4*v - 2. Let g be d(-2). Let y = l + g. What are the prime factors of y?
11
Let h = 35 - -53. List the prime factors of h.
2, 11
Let a(x) = -x**3 - 8*x**2 + 5*x - 7. Let o be a(-9). Let l = o - 14. List the prime factors of l.
3, 5
Let y be 104/24 - (-1)/(-3). List the prime factors of (-6)/24 - (-17)/y.
2
Let j be -1*(-1)/3*0. Suppose 6 = c - j. Suppose -c = -3*g - 0*g. List the prime factors of g.
2
Suppose 5*w + 25 = 5*t, -4*t + 5 = 3*w - 1. Let v(i) = 5*i**2 + 3*i + 3. List the prime factors of v(w).
17
Let z be 22/4 - 1/2. Let h = 22 - -18. Suppose -2*g + 4*v + 3 = z, 4*g - h = -3*v. What are the prime factors of g?
7
Suppose 0 = -4*p + s + 44, 0*p - 3*p - 4*s + 14 = 0. List the prime factors of p.
2, 5
Suppose -3*v + 96 + 1017 = 0. What are the prime factors of v?
7, 53
Suppose -248 = -10*i + 252. List the prime factors of i.
2, 5
Let q = 6 + -4. Suppose a + 2*x - 27 = 6*x, -q*x = -3*a + 61. What are the prime factors of a?
19
Let d(r) = -8*r + 20. What are the prime factors of d(-4)?
2, 13
Let g = -66 + 100. List the prime factors of g.
2, 17
Let n = 4 + -4. Suppose 2*m - 2 - 10 = n. List the prime factors of m.
2, 3
Let q = 269 + -1. List the prime factors of q.
2, 67
Let x = 46 + 108. What are the prime factors of x?
2, 7, 11
Let c(m) = -46*m - 1. What are the prime factors of c(-2)?
7, 13
Let f(u) be the third derivative of -u**4/24 - u**3/2 - 3*u**2. Let x be f(-2). What are the prime factors of x/3 - (-75)/9?
2
Suppose 2*c - 7*c = -15. Let t be 5*c/3 - 1. Suppose -3*q + 20 = -t. List the prime factors of q.
2
Let s = -12 - -16. Suppose -4*i + 60 = s*t, 4*i = t - 0*i - 40. What are the prime factors of t?
2, 5
Let q be 6 + 0/(-2) + 1. Suppose 14 = m - 4*i, q*i = -m + 2*i + 32. What are the prime factors of m?
2, 11
Suppose -4*i - t + 254 = t, -2*t = i - 59. List the prime factors of i.
5, 13
Suppose g + 2*c = 160, 4*g - 6*c = -3*c + 618. What are the prime factors of g?
2, 3, 13
Suppose -4*u + 4 - 32 = 0. Let q be 1 - (0/(-3) - u). Let k = -3 - q. What are the prime factors of k?
3
Let k(s) be the first derivative of -s**4/4 - s**2/2 + 5*s - 3. Let i be k(0). Suppose -26 - 54 = -i*d. What are the prime factors of d?
2
Let z(s) be the second derivative of s**3/6 - s**2/2 + s. List the prime factors of z(10).
3
Suppose -3*b = 4*w - 484, b = -w - b + 116. List the prime factors of w.
2, 31
Let t(i) = 10*i**2 + 3*i. What are the prime factors of t(2)?
2, 23
Let x(k) be the second derivative of -2*k**3/3 - k**2 + 2*k. Let q(m) = -m**2 - 6*m - 7. Let p be q(-5). List the prime factors of x(p).
2, 3
Let n = -7 + 138. List the prime factors of n.
131
Let y(j) = j**3 - j**2 + 3*j - 3. Let c be y(2). Let d be 4/c*-3*-7. Let t = -6 + d. What are the prime factors of t?
2, 3
Let j(r) = -29*r - 2. Let a = -10 + 9. List the prime factors of j(a).
3
Let p(a) = -a + 56. What are the prime factors of p(0)?
2, 7
Let n(x) = -x. Let l be n(-2). Suppose 3 = l*q - 13. List the prime factors of q.
2
Suppose 5*l - 2*f + 12 = 0, 3*l = 5*l + 4*f. Let y be l/5 - 4/(-10). Suppose y*z = -z - 4, -x + 26 = -5*z. What are the prime factors of x?
2, 3
Let r be (1 + -1 - 0) + 3. Suppose r*d + 9 = 0, 5*k - 4*d - 6 = 26. Suppose 0 = -k*i + 12 + 36. What are the prime factors of i?
2, 3
What are the prime factors of (-14390)/(-60) + (-2)/(-12)*1?
2, 3, 5
Let n be (2/(-3))/((-6)/18). Suppose n*j + j - 6 = 0. Suppose 0 = 3*w - j - 13. What are the prime factors of w?
5
Let s = -5 + 8. Suppose 2 = -s*f - n, -2*f + 2*n + 2*n - 20 = 0. List the prime factors of (-1)/f*(7 - -3).
5
Let m(b) = b**3 + b**2 - b - 1. Let t be m(-1). Suppose 2*d + 2*n + 11 = -3, t = 5*n - 15. What are the prime factors of (-6)/(-10) - 34/d?
2
Let u = -7 + 188. List the prime factors of u.
181
Let d(k) = k**3 - 3*k**2 - 4*k + 3. Let h be d(4). Suppose n - h*n + 6 = 0. What are the prime factors of n?
3
Suppose -5*m - 439 + 69 = 0. Let n be (m/4)/(4/8). Let c = -24 - n. What are the prime factors of c?
13
Let w(x) be the first derivative of -3*x + 1 + 1/2*x**2 + 1/4*x**4 + 5/3*x**3. List the prime factors of w(-4).
3
Let b = -7 + 12. Let w be (2/b)/(4/20). Suppose 0 = w*m + 2*m - k - 43, 3*k - 14 = -m. List the prime factors of m.
11
Suppose 0*t + 810 = 9*t. List the prime factors of t.
2, 3, 5
Let r(k) = 36*k**2 + k. Let j be r(1). Let p = j - 18. List the prime factors of p.
19
Suppose 0 = -8*v + 470 - 174. What are the prime factors of v?
37
Suppose s + 155 = 509. What are the prime factors of s?
2, 3, 59
List the prime factors of 122 + -2 - (3 + -2)*3.
3, 13
Suppose -20 = -5*i - 0*i. Let t(w) = 2*w**2 - 7*w + 5. List the prime factors of t(i).
3
Let l(h) be the second derivative of h**4/12 + 5*h**3/6 - h**2/2 - 3*h. List the prime factors of l(-6).
5
Let v(r) = 27*r**2 + 9*r + 14. What are the prime factors of v(-3)?
2, 5, 23
Suppose -z - c = -0*z + 5, -5*z - 3*c = 15. Suppose z*g = 3*g - 72. Suppose 6*p - g = 2*p. What are the prime factors of p?
2, 3
Let l be -2 + 5 + (6 - -65). Suppose 4*v - l + 2 = 0. List the prime factors of v.
2, 3
Let p(w) = -8 + 3*w - w + w. List the prime factors of p(6).
2, 5
Let x(q) = -2*q**3 + 4*q**2 + 2*q. List the prime factors of x(-3).
2, 3, 7
Suppose 5*f - 72 = 293. What are the prime factors of f?
73
Suppose 0 = 5*i - b - 24, 5*i - 15 = -5*b + 15. Suppose -2*d = i*o - 41 - 27, -2*o = 4*d - 40. List the prime factors of o.
2, 3
Let j = -3 - -8. Suppose 2*i + 6 = 2*d, -32 + 12 = -j*i - 2*d. Suppose 0 = t + c - 0 - 5, -18 = -2*t + i*c. What are the prime factors of t?
7
Suppose -3*k + 8 + 7 = 0. Suppose k*x - 2*a - 20 = 0, 7 = -x + 5*a - 12. Suppose z - x*z + 55 = -4*w, 5*z = 5*w + 60. List the prime factors of z.
7
Let t(c) = c**2 - 2*c. Let y be t(3). Let k = y - -9. What are the prime factors of k?
2, 3
Let w be (-1)/2 + 106/4. Let x be 45*((-14)/(-6) + -2). Let n = w - x. List the prime factors of n.
11
List the prime factors of (-138)/(-4) + 2/(-4).
2, 17
Let w = -140 + 200. What are the prime factors of w?
2, 3, 5
Let s = -217 - -314. What are the prime factors of s?
97
Suppose b + 112 = -5*p, -3*p + 2*p = -5*b - 560. Let k be (-2)/(-3) + 4/3. List the prime factors of (b/(-20))/(k/5).
2, 7
Let t(o) = o**3 + 3*o**2 + 3*o + 2. Let d be t(-2). Suppose d = 5*n - 8 - 52. List the prime factors of n.
2, 3
Let p(x) be the second derivative of -x**5/20 - 5*x**4/12 - x**3/6 - x**2/2 + 5*x. What are the prime factors of p(-5)?
2
Let n be 1/(-1) - -4 - 6. Let l = -3 - n. Suppose 2*j + j - 9 = l. List the prime factors of j.
3
Let p(d) = 11*d**2 - 3*d + 2. Let z be p(3). Suppose 0 = 2*m - 6*m + z. List the prime factors of m.
23
Suppose 4*g = -5*o + 222, -4*g = 4*o - 227 + 47. What are the prime factors of 4/(-6)*o/(-4)?
7
Suppose -10*t + 13*t = 447. What are the prime factors of t?
149
Let d(w) = 36*w - 2. Let c be d(-2). 